{"id":335,"date":"2020-09-02T12:09:36","date_gmt":"2020-09-02T12:09:36","guid":{"rendered":"https:\/\/sassofino.strausberg-websites.de\/?page_id=335"},"modified":"2020-09-02T12:09:36","modified_gmt":"2020-09-02T12:09:36","slug":"wer-wir-sind","status":"publish","type":"page","link":"https:\/\/sassofino.de\/?page_id=335","title":{"rendered":"Wer wir sind"},"content":{"rendered":"<div class=\"flex_column av_one_full  flex_column_div av-zero-column-padding first  avia-builder-el-0  el_before_av_one_full  avia-builder-el-first  \" style='border-radius:0px; '><div  style='padding-bottom:10px; ' class='av-special-heading av-special-heading-h1    avia-builder-el-1  avia-builder-el-no-sibling  '><h1 class='av-special-heading-tag '  itemprop=\"headline\"  >Wer wir sind<\/h1><div class='special-heading-border'><div class='special-heading-inner-border' ><\/div><\/div><\/div><\/div><div class=\"flex_column av_one_full  flex_column_div av-zero-column-padding first  avia-builder-el-2  el_after_av_one_full  avia-builder-el-last  column-top-margin\" style='border-radius:0px; '><section class=\"av_textblock_section \"  itemscope=\"itemscope\" itemtype=\"https:\/\/schema.org\/CreativeWork\" ><div class='avia_textblock fluidcolumns3 '   itemprop=\"text\" ><div class=\"elementor-element elementor-element-nw5jilq elementor-column elementor-col-66 elementor-top-column\" data-id=\"nw5jilq\" data-element_type=\"column\">\n<div class=\"elementor-column-wrap elementor-element-populated\">\n<div class=\"elementor-widget-wrap\">\n<div class=\"elementor-element elementor-element-o2h90rm elementor-widget elementor-widget-text-editor\" data-id=\"o2h90rm\" data-element_type=\"widget\" data-widget_type=\"text-editor.default\">\n<div class=\"elementor-widget-container\">\n<div class=\"elementor-text-editor elementor-clearfix\">\n<p>Unser Unternehmen hat sich den Steinen verschrieben, nicht nur alten, auch neuen, Natur- und Kunststeinen aus aller Herren L\u00e4nder.<\/p>\n<p>Zu oft sind wir Zeuge des Wertverfalls \u2013 ob es die stumpfe Granittreppe eines gro\u00dfen Eingangsprtals, ein maroder Marmorbrunnen oder ein Rotweinfleck auf dem Schlossboden ist. Genau in solchen F\u00e4llen k\u00f6nnen wir Ihnen ganz konkret helfen. Wir reinigen und sch\u00fctzen Ihren Naturstein. Sassofino kennt Ma\u00dfnahmen, um die Zeitzeugen vergangener Zeiten wieder im besten Glanz erstrahlen zu lassen und alte wie neue Materialien zu sch\u00fctzen, damit sie wieder f\u00fcr lange Zeit in Ihrer ganzen Sch\u00f6nheit erhalten bleiben.<\/p>\n<p>Es gibt auch zahlreiche andere W\u00fcnsche, die Kunden immer wieder zu uns f\u00fchren. Der polierte glanzvolle Boden soll lt. Arbeitsvorschriften rutschfest sein \u2013 Eigenschaften, die sich zun\u00e4chst scheinbar widersprechen. Hierbei und bei fast jedem anderen individuellen Wunsch an Ihren Naturstein sind wir Ihr Partner f\u00fcr gute und fachgerechte L\u00f6sungen.<\/p>\n<p>Wir hoffen, Ihnen auf unserer Seite schon einen ersten Eindruck unserer umfassenden Leistungen geben zu k\u00f6nnen. Auch wenn Sie hier noch keine Antwort auf Ihre konkrete Frage finden sollten, sprechen Sie unverbindlich mit uns.<\/p>\n<p>\u00dcberzeugen Sie sich von unserem Sassofino-Team und unseren professionellen Sassofino-Leistungen. Wir sind gern f\u00fcr Sie t\u00e4tig.<\/p>\n<\/div>\n<\/div>\n<\/div>\n<\/div>\n<\/div>\n<\/div>\n<\/div><\/section><\/div><\/p>\n","protected":false},"excerpt":{"rendered":"","protected":false},"author":2,"featured_media":0,"parent":0,"menu_order":0,"comment_status":"closed","ping_status":"closed","template":"","meta":[],"yoast_head":"<!-- This site is optimized with the Yoast SEO plugin v19.4 - https:\/\/yoast.com\/wordpress\/plugins\/seo\/ -->\n<title>Wer wir sind - Sassofino<\/title>\n<meta name=\"robots\" content=\"noindex, follow, max-snippet:-1, max-image-preview:large, max-video-preview:-1\" \/>\n<meta property=\"og:locale\" content=\"de_DE\" \/>\n<meta property=\"og:type\" content=\"article\" \/>\n<meta property=\"og:title\" content=\"Wer wir sind - Sassofino\" \/>\n<meta property=\"og:url\" content=\"https:\/\/sassofino.de\/?page_id=335\" \/>\n<meta property=\"og:site_name\" content=\"Sassofino\" \/>\n<meta name=\"twitter:card\" content=\"summary_large_image\" \/>\n<meta name=\"twitter:label1\" content=\"Gesch\u00e4tzte Lesezeit\" \/>\n\t<meta name=\"twitter:data1\" content=\"3\u00a0Minuten\" \/>\n<script type=\"application\/ld+json\" class=\"yoast-schema-graph\">{\"@context\":\"https:\/\/schema.org\",\"@graph\":[{\"@type\":\"WebSite\",\"@id\":\"https:\/\/sassofino.de\/#website\",\"url\":\"https:\/\/sassofino.de\/\",\"name\":\"Sassofino\",\"description\":\"Neues Leben f\u00fcr alten Stein\",\"potentialAction\":[{\"@type\":\"SearchAction\",\"target\":{\"@type\":\"EntryPoint\",\"urlTemplate\":\"https:\/\/sassofino.de\/?s={search_term_string}\"},\"query-input\":\"required name=search_term_string\"}],\"inLanguage\":\"de\"},{\"@type\":\"WebPage\",\"@id\":\"https:\/\/sassofino.de\/?page_id=335\",\"url\":\"https:\/\/sassofino.de\/?page_id=335\",\"name\":\"Wer wir sind - Sassofino\",\"isPartOf\":{\"@id\":\"https:\/\/sassofino.de\/#website\"},\"datePublished\":\"2020-09-02T12:09:36+00:00\",\"dateModified\":\"2020-09-02T12:09:36+00:00\",\"breadcrumb\":{\"@id\":\"https:\/\/sassofino.de\/?page_id=335#breadcrumb\"},\"inLanguage\":\"de\",\"potentialAction\":[{\"@type\":\"ReadAction\",\"target\":[\"https:\/\/sassofino.de\/?page_id=335\"]}]},{\"@type\":\"BreadcrumbList\",\"@id\":\"https:\/\/sassofino.de\/?page_id=335#breadcrumb\",\"itemListElement\":[{\"@type\":\"ListItem\",\"position\":1,\"name\":\"Home\",\"item\":\"https:\/\/sassofino.de\/\"},{\"@type\":\"ListItem\",\"position\":2,\"name\":\"Wer wir sind\"}]}]}<\/script>\n<!-- \/ Yoast SEO plugin. -->","yoast_head_json":{"title":"Wer wir sind - Sassofino","robots":{"index":"noindex","follow":"follow","max-snippet":"max-snippet:-1","max-image-preview":"max-image-preview:large","max-video-preview":"max-video-preview:-1"},"og_locale":"de_DE","og_type":"article","og_title":"Wer wir sind - Sassofino","og_url":"https:\/\/sassofino.de\/?page_id=335","og_site_name":"Sassofino","twitter_card":"summary_large_image","twitter_misc":{"Gesch\u00e4tzte Lesezeit":"3\u00a0Minuten"},"schema":{"@context":"https:\/\/schema.org","@graph":[{"@type":"WebSite","@id":"https:\/\/sassofino.de\/#website","url":"https:\/\/sassofino.de\/","name":"Sassofino","description":"Neues Leben f\u00fcr alten Stein","potentialAction":[{"@type":"SearchAction","target":{"@type":"EntryPoint","urlTemplate":"https:\/\/sassofino.de\/?s={search_term_string}"},"query-input":"required name=search_term_string"}],"inLanguage":"de"},{"@type":"WebPage","@id":"https:\/\/sassofino.de\/?page_id=335","url":"https:\/\/sassofino.de\/?page_id=335","name":"Wer wir sind - Sassofino","isPartOf":{"@id":"https:\/\/sassofino.de\/#website"},"datePublished":"2020-09-02T12:09:36+00:00","dateModified":"2020-09-02T12:09:36+00:00","breadcrumb":{"@id":"https:\/\/sassofino.de\/?page_id=335#breadcrumb"},"inLanguage":"de","potentialAction":[{"@type":"ReadAction","target":["https:\/\/sassofino.de\/?page_id=335"]}]},{"@type":"BreadcrumbList","@id":"https:\/\/sassofino.de\/?page_id=335#breadcrumb","itemListElement":[{"@type":"ListItem","position":1,"name":"Home","item":"https:\/\/sassofino.de\/"},{"@type":"ListItem","position":2,"name":"Wer wir sind"}]}]}},"_links":{"self":[{"href":"https:\/\/sassofino.de\/index.php?rest_route=\/wp\/v2\/pages\/335"}],"collection":[{"href":"https:\/\/sassofino.de\/index.php?rest_route=\/wp\/v2\/pages"}],"about":[{"href":"https:\/\/sassofino.de\/index.php?rest_route=\/wp\/v2\/types\/page"}],"author":[{"embeddable":true,"href":"https:\/\/sassofino.de\/index.php?rest_route=\/wp\/v2\/users\/2"}],"replies":[{"embeddable":true,"href":"https:\/\/sassofino.de\/index.php?rest_route=%2Fwp%2Fv2%2Fcomments&post=335"}],"version-history":[{"count":2,"href":"https:\/\/sassofino.de\/index.php?rest_route=\/wp\/v2\/pages\/335\/revisions"}],"predecessor-version":[{"id":337,"href":"https:\/\/sassofino.de\/index.php?rest_route=\/wp\/v2\/pages\/335\/revisions\/337"}],"wp:attachment":[{"href":"https:\/\/sassofino.de\/index.php?rest_route=%2Fwp%2Fv2%2Fmedia&parent=335"}],"curies":[{"name":"wp","href":"https:\/\/api.w.org\/{rel}","templated":true}]}}